{"id":75,"date":"2023-04-16T09:16:14","date_gmt":"2023-04-16T09:16:14","guid":{"rendered":"https:\/\/www.frauenhaus-steyr.at\/wordpress\/?page_id=75"},"modified":"2023-07-15T08:35:46","modified_gmt":"2023-07-15T08:35:46","slug":"internationale-aktionstage","status":"publish","type":"page","link":"https:\/\/www.frauenhaus-steyr.at\/wordpress\/internationale-aktionstage\/","title":{"rendered":"Internationale Aktionstage"},"content":{"rendered":"\n<h3 class=\"wp-block-heading\">25. November<\/h3>\n\n\n\n<p>Dieser Aktionstag wurde im Jahr 1981 proklamiert, anl\u00e4sslich des gewaltsamen Todes dreier Frauen in der Dominikanischen Republik. Die drei Schwestern Mirabal waren aktiv am Widerstand gegen die Milit\u00e4rdiktatur unter Raffael Trujillo beteiligt. Sie setzten sich f\u00fcr Menschenrechte und Frauenrechte in ihrer Heimat ein und stellten alle Normen in Frage, die in dieser Zeit f\u00fcr Frauen in der Dominikanischen Republik galten. Am 25. November 1960 wurden sie von den Schergen des Diktators ermordet.<\/p>\n\n\n\n<p>Seit 1981 werden allj\u00e4hrlich und weltweit 16-Tage-Kampagnen durchgef\u00fchrt f\u00fcr die Anerkennung von Frauenrechten als Menschenrechte. Diese Kampagnen starten mit dem 25. November, dem Aktionstag gegen Gewalt an Frauen, und enden am 10. Dezember, dem Tag der Menschenrechte.<\/p>\n\n\n\n<div class=\"wp-block-kadence-spacer aligncenter kt-block-spacer-_ee538b-39\"><div class=\"kt-block-spacer kt-block-spacer-halign-left\"><hr class=\"kt-divider\"\/><\/div><\/div>\n\n\n\n<h3 class=\"wp-block-heading\">Fahne hissen<\/h3>\n\n\n\n<p>Vom 25. November, dem internationalen Tag f\u00fcr die Opfer von Gewalt an Frauen, bis zum 10. Dezember, dem internationalen Tag der Menschenrechte, finden die \u201e16 Tage gegen Gewalt an Frauen\u201c statt. In Steyr starteten das B\u00fcndnis 8. M\u00e4rz und das Frauenhaus die Aktionstage mit dem Hissen der Fahne.<\/p>\n\n\n\n<div class=\"wp-block-kadence-spacer aligncenter kt-block-spacer-_8f775a-7e\"><div class=\"kt-block-spacer kt-block-spacer-halign-left\"><hr class=\"kt-divider\"\/><\/div><\/div>\n\n\n\n<h3 class=\"wp-block-heading\">Weltfrauentag<\/h3>\n\n\n\n<p>Seit \u00fcber hundert Jahren wird am 8. M\u00e4rz der internationale Frauentag begangen \u2013 er geht auf die Forderung nach einem allgemeinen Wahlrecht Anfang des 20. Jahrhunderts zur\u00fcck. Die Frauenbewegung konnte schon viel in Sachen Gleichberechtigung erreichen, aber noch gibt es einiges zu tun.<\/p>\n<style class=\"advgb-styles-renderer\">.wp-block-kadence-spacer.kt-block-spacer-_ee538b-39 .kt-block-spacer{height:60px;}.wp-block-kadence-spacer.kt-block-spacer-_ee538b-39 .kt-divider{border-top-width:1px;height:1px;border-top-color:var(--ast-global-color-6);width:80%;border-top-style:solid;}.wp-block-kadence-spacer.kt-block-spacer-_8f775a-7e .kt-block-spacer{height:60px;}.wp-block-kadence-spacer.kt-block-spacer-_8f775a-7e .kt-divider{border-top-width:1px;height:1px;border-top-color:var(--ast-global-color-6);width:80%;border-top-style:solid;}<\/style>","protected":false},"excerpt":{"rendered":"<p>25. November Dieser Aktionstag wurde im Jahr 1981 proklamiert, anl\u00e4sslich des gewaltsamen Todes dreier Frauen in der Dominikanischen Republik. Die drei Schwestern Mirabal waren aktiv am Widerstand gegen die Milit\u00e4rdiktatur unter Raffael Trujillo beteiligt. Sie setzten sich f\u00fcr Menschenrechte und Frauenrechte in ihrer Heimat ein und stellten alle Normen in Frage, die in dieser Zeit &hellip;<\/p>\n<p class=\"read-more\"> <a class=\"\" href=\"https:\/\/www.frauenhaus-steyr.at\/wordpress\/internationale-aktionstage\/\"> <span class=\"screen-reader-text\">Internationale Aktionstage<\/span> Weiterlesen &raquo;<\/a><\/p>\n","protected":false},"author":3,"featured_media":0,"parent":0,"menu_order":0,"comment_status":"closed","ping_status":"closed","template":"","meta":{"advgb_blocks_editor_width":"","advgb_blocks_columns_visual_guide":"","_coblocks_attr":"","_coblocks_dimensions":"","_coblocks_responsive_height":"","_coblocks_accordion_ie_support":"","site-sidebar-layout":"default","site-content-layout":"default","ast-global-header-display":"","ast-main-header-display":"","ast-hfb-above-header-display":"","ast-hfb-below-header-display":"","ast-hfb-mobile-header-display":"","site-post-title":"","ast-breadcrumbs-content":"","ast-featured-img":"","footer-sml-layout":"","theme-transparent-header-meta":"","adv-header-id-meta":"","stick-header-meta":"","header-above-stick-meta":"","header-main-stick-meta":"","header-below-stick-meta":"","footnotes":""},"class_list":["post-75","page","type-page","status-publish","hentry"],"coauthors":[],"author_meta":{"author_link":"https:\/\/www.frauenhaus-steyr.at\/wordpress\/author\/frauenhaus\/","display_name":"Frauenhaus"},"relative_dates":{"created":"Posted 3\u00a0Jahren ago","modified":"Updated 3\u00a0Jahren ago"},"absolute_dates":{"created":"Posted on April 16, 2023","modified":"Updated on Juli 15, 2023"},"absolute_dates_time":{"created":"Posted on April 16, 2023 9:16 a.m.","modified":"Updated on Juli 15, 2023 8:35 a.m."},"featured_img_caption":"","featured_img":false,"series_order":"","_links":{"self":[{"href":"https:\/\/www.frauenhaus-steyr.at\/wordpress\/wp-json\/wp\/v2\/pages\/75","targetHints":{"allow":["GET"]}}],"collection":[{"href":"https:\/\/www.frauenhaus-steyr.at\/wordpress\/wp-json\/wp\/v2\/pages"}],"about":[{"href":"https:\/\/www.frauenhaus-steyr.at\/wordpress\/wp-json\/wp\/v2\/types\/page"}],"author":[{"embeddable":true,"href":"https:\/\/www.frauenhaus-steyr.at\/wordpress\/wp-json\/wp\/v2\/users\/3"}],"replies":[{"embeddable":true,"href":"https:\/\/www.frauenhaus-steyr.at\/wordpress\/wp-json\/wp\/v2\/comments?post=75"}],"version-history":[{"count":9,"href":"https:\/\/www.frauenhaus-steyr.at\/wordpress\/wp-json\/wp\/v2\/pages\/75\/revisions"}],"predecessor-version":[{"id":1740,"href":"https:\/\/www.frauenhaus-steyr.at\/wordpress\/wp-json\/wp\/v2\/pages\/75\/revisions\/1740"}],"wp:attachment":[{"href":"https:\/\/www.frauenhaus-steyr.at\/wordpress\/wp-json\/wp\/v2\/media?parent=75"}],"curies":[{"name":"wp","href":"https:\/\/api.w.org\/{rel}","templated":true}]}}

<h3 class="wp-block-heading">25. November</h3>



<p>Dieser Aktionstag wurde im Jahr 1981 proklamiert, anlässlich des gewaltsamen Todes dreier Frauen in der Dominikanischen Republik. Die drei Schwestern Mirabal waren aktiv am Widerstand gegen die Militärdiktatur unter Raffael Trujillo beteiligt. Sie setzten sich für Menschenrechte und Frauenrechte in ihrer Heimat ein und stellten alle Normen in Frage, die in dieser Zeit für Frauen in der Dominikanischen Republik galten. Am 25. November 1960 wurden sie von den Schergen des Diktators ermordet.</p>



<p>Seit 1981 werden alljährlich und weltweit 16-Tage-Kampagnen durchgeführt für die Anerkennung von Frauenrechten als Menschenrechte. Diese Kampagnen starten mit dem 25. November, dem Aktionstag gegen Gewalt an Frauen, und enden am 10. Dezember, dem Tag der Menschenrechte.</p>



<div class="wp-block-kadence-spacer aligncenter kt-block-spacer-_ee538b-39"><div class="kt-block-spacer kt-block-spacer-halign-left"><hr class="kt-divider"/></div></div>



<h3 class="wp-block-heading">Fahne hissen</h3>



<p>Vom 25. November, dem internationalen Tag für die Opfer von Gewalt an Frauen, bis zum 10. Dezember, dem internationalen Tag der Menschenrechte, finden die „16 Tage gegen Gewalt an Frauen“ statt. In Steyr starteten das Bündnis 8. März und das Frauenhaus die Aktionstage mit dem Hissen der Fahne.</p>



<div class="wp-block-kadence-spacer aligncenter kt-block-spacer-_8f775a-7e"><div class="kt-block-spacer kt-block-spacer-halign-left"><hr class="kt-divider"/></div></div>



<h3 class="wp-block-heading">Weltfrauentag</h3>



<p>Seit über hundert Jahren wird am 8. März der internationale Frauentag begangen – er geht auf die Forderung nach einem allgemeinen Wahlrecht Anfang des 20. Jahrhunderts zurück. Die Frauenbewegung konnte schon viel in Sachen Gleichberechtigung erreichen, aber noch gibt es einiges zu tun.</p>
<style class="advgb-styles-renderer">.wp-block-kadence-spacer.kt-block-spacer-_ee538b-39 .kt-block-spacer{height:60px;}.wp-block-kadence-spacer.kt-block-spacer-_ee538b-39 .kt-divider{border-top-width:1px;height:1px;border-top-color:var(--ast-global-color-6);width:80%;border-top-style:solid;}.wp-block-kadence-spacer.kt-block-spacer-_8f775a-7e .kt-block-spacer{height:60px;}.wp-block-kadence-spacer.kt-block-spacer-_8f775a-7e .kt-divider{border-top-width:1px;height:1px;border-top-color:var(--ast-global-color-6);width:80%;border-top-style:solid;}</style>

<p>25. November Dieser Aktionstag wurde im Jahr 1981 proklamiert, anlässlich des gewaltsamen Todes dreier Frauen in der Dominikanischen Republik. Die drei Schwestern Mirabal waren aktiv am Widerstand gegen die Militärdiktatur unter Raffael Trujillo beteiligt. Sie setzten sich für Menschenrechte und Frauenrechte in ihrer Heimat ein und stellten alle Normen in Frage, die in dieser Zeit &hellip;</p>
<p class="read-more"> <a class="" href="https://www.frauenhaus-steyr.at/wordpress/internationale-aktionstage/"> <span class="screen-reader-text">Internationale Aktionstage</span> Weiterlesen &raquo;</a></p>
