{"id":65,"date":"2023-04-15T20:07:15","date_gmt":"2023-04-15T20:07:15","guid":{"rendered":"https:\/\/www.frauenhaus-steyr.at\/wordpress\/?page_id=65"},"modified":"2023-07-15T07:52:29","modified_gmt":"2023-07-15T07:52:29","slug":"betretungsverbot","status":"publish","type":"page","link":"https:\/\/www.frauenhaus-steyr.at\/wordpress\/betretungsverbot\/","title":{"rendered":"Betretungsverbot"},"content":{"rendered":"\n<p>Wenn die Polizei auf Grund bestimmter Tatsachen annehmen muss, dass die Gesundheit, die Freiheit oder gar das Leben des Opfers gef\u00e4hrdet ist, kann sie den\/die Gewaltt\u00e4ter\/in sofort aus der Wohnung\/dem Haus sowie von der unmittelbaren Umgebung der Wohnst\u00e4tte wegweisen und ihm\/ihr verbieten diesen Wohnbereich zu betreten. Die Polizei nimmt dem\/r weggewiesenen Gewaltt\u00e4ter\/in in einem solchen Fall sofort die Schl\u00fcssel zur Wohnung ab.<\/p>\n\n\n\n<p>Das Betretungsverbot gilt vorerst zwei Wochen und kann bei Gericht durch eine einstweilige Verf\u00fcgung auf die Dauer bis zu einem Jahr verl\u00e4ngert werden. Besitz- und Mietverh\u00e4ltnisse spielen keine Rolle.<\/p>\n","protected":false},"excerpt":{"rendered":"<p>Wenn die Polizei auf Grund bestimmter Tatsachen annehmen muss, dass die Gesundheit, die Freiheit oder gar das Leben des Opfers gef\u00e4hrdet ist, kann sie den\/die Gewaltt\u00e4ter\/in sofort aus der Wohnung\/dem Haus sowie von der unmittelbaren Umgebung der Wohnst\u00e4tte wegweisen und ihm\/ihr verbieten diesen Wohnbereich zu betreten. Die Polizei nimmt dem\/r weggewiesenen Gewaltt\u00e4ter\/in in einem solchen &hellip;<\/p>\n<p class=\"read-more\"> <a class=\"\" href=\"https:\/\/www.frauenhaus-steyr.at\/wordpress\/betretungsverbot\/\"> <span class=\"screen-reader-text\">Betretungsverbot<\/span> Weiterlesen &raquo;<\/a><\/p>\n","protected":false},"author":3,"featured_media":0,"parent":0,"menu_order":0,"comment_status":"closed","ping_status":"closed","template":"","meta":{"advgb_blocks_editor_width":"","advgb_blocks_columns_visual_guide":"","_coblocks_attr":"","_coblocks_dimensions":"","_coblocks_responsive_height":"","_coblocks_accordion_ie_support":"","site-sidebar-layout":"default","site-content-layout":"default","ast-global-header-display":"","ast-main-header-display":"","ast-hfb-above-header-display":"","ast-hfb-below-header-display":"","ast-hfb-mobile-header-display":"","site-post-title":"","ast-breadcrumbs-content":"","ast-featured-img":"","footer-sml-layout":"","theme-transparent-header-meta":"","adv-header-id-meta":"","stick-header-meta":"","header-above-stick-meta":"","header-main-stick-meta":"","header-below-stick-meta":"","footnotes":""},"class_list":["post-65","page","type-page","status-publish","hentry"],"coauthors":[],"author_meta":{"author_link":"https:\/\/www.frauenhaus-steyr.at\/wordpress\/author\/frauenhaus\/","display_name":"Frauenhaus"},"relative_dates":{"created":"Posted 3\u00a0Jahren ago","modified":"Updated 3\u00a0Jahren ago"},"absolute_dates":{"created":"Posted on April 15, 2023","modified":"Updated on Juli 15, 2023"},"absolute_dates_time":{"created":"Posted on April 15, 2023 8:07 p.m.","modified":"Updated on Juli 15, 2023 7:52 a.m."},"featured_img_caption":"","featured_img":false,"series_order":"","_links":{"self":[{"href":"https:\/\/www.frauenhaus-steyr.at\/wordpress\/wp-json\/wp\/v2\/pages\/65","targetHints":{"allow":["GET"]}}],"collection":[{"href":"https:\/\/www.frauenhaus-steyr.at\/wordpress\/wp-json\/wp\/v2\/pages"}],"about":[{"href":"https:\/\/www.frauenhaus-steyr.at\/wordpress\/wp-json\/wp\/v2\/types\/page"}],"author":[{"embeddable":true,"href":"https:\/\/www.frauenhaus-steyr.at\/wordpress\/wp-json\/wp\/v2\/users\/3"}],"replies":[{"embeddable":true,"href":"https:\/\/www.frauenhaus-steyr.at\/wordpress\/wp-json\/wp\/v2\/comments?post=65"}],"version-history":[{"count":4,"href":"https:\/\/www.frauenhaus-steyr.at\/wordpress\/wp-json\/wp\/v2\/pages\/65\/revisions"}],"predecessor-version":[{"id":1716,"href":"https:\/\/www.frauenhaus-steyr.at\/wordpress\/wp-json\/wp\/v2\/pages\/65\/revisions\/1716"}],"wp:attachment":[{"href":"https:\/\/www.frauenhaus-steyr.at\/wordpress\/wp-json\/wp\/v2\/media?parent=65"}],"curies":[{"name":"wp","href":"https:\/\/api.w.org\/{rel}","templated":true}]}}

<p>Wenn die Polizei auf Grund bestimmter Tatsachen annehmen muss, dass die Gesundheit, die Freiheit oder gar das Leben des Opfers gefährdet ist, kann sie den/die Gewalttäter/in sofort aus der Wohnung/dem Haus sowie von der unmittelbaren Umgebung der Wohnstätte wegweisen und ihm/ihr verbieten diesen Wohnbereich zu betreten. Die Polizei nimmt dem/r weggewiesenen Gewalttäter/in in einem solchen Fall sofort die Schlüssel zur Wohnung ab.</p>



<p>Das Betretungsverbot gilt vorerst zwei Wochen und kann bei Gericht durch eine einstweilige Verfügung auf die Dauer bis zu einem Jahr verlängert werden. Besitz- und Mietverhältnisse spielen keine Rolle.</p>

<p>Wenn die Polizei auf Grund bestimmter Tatsachen annehmen muss, dass die Gesundheit, die Freiheit oder gar das Leben des Opfers gefährdet ist, kann sie den/die Gewalttäter/in sofort aus der Wohnung/dem Haus sowie von der unmittelbaren Umgebung der Wohnstätte wegweisen und ihm/ihr verbieten diesen Wohnbereich zu betreten. Die Polizei nimmt dem/r weggewiesenen Gewalttäter/in in einem solchen &hellip;</p>
<p class="read-more"> <a class="" href="https://www.frauenhaus-steyr.at/wordpress/betretungsverbot/"> <span class="screen-reader-text">Betretungsverbot</span> Weiterlesen &raquo;</a></p>
