{"id":1424,"date":"2023-04-24T20:24:38","date_gmt":"2023-04-24T20:24:38","guid":{"rendered":"https:\/\/www.frauenhaus-steyr.at\/wordpress\/?page_id=1424"},"modified":"2023-11-27T09:26:53","modified_gmt":"2023-11-27T09:26:53","slug":"wohnen-2","status":"publish","type":"page","link":"https:\/\/www.frauenhaus-steyr.at\/wordpress\/wohnen-2\/","title":{"rendered":"Wohnen"},"content":{"rendered":"\n<p>Im Frauenhaus Steyr haben 6 Frauen mit ihren Kindern Platz. Jede Frau bewohnt alleine bzw. mit ihren Kindern ein Zimmer.<\/p>\n\n\n\n<p>Das Wohn- und Spielzimmer und die K\u00fcchen werden gemeinsam ben\u00fctzt. Ein gro\u00dfer Garten steht f\u00fcr alle zur Verf\u00fcgung.<\/p>\n\n\n\n<figure class=\"wp-block-gallery has-nested-images columns-default is-cropped wp-block-gallery-1 is-layout-flex wp-block-gallery-is-layout-flex\">\n<figure class=\"wp-block-image size-large\"><img loading=\"lazy\" decoding=\"async\" width=\"1024\" height=\"765\" data-id=\"1950\" src=\"https:\/\/www.frauenhaus-steyr.at\/wordpress\/wp-content\/uploads\/2023\/11\/Garten_1-1024x765.png\" alt=\"\" class=\"wp-image-1950\" srcset=\"https:\/\/www.frauenhaus-steyr.at\/wordpress\/wp-content\/uploads\/2023\/11\/Garten_1-1024x765.png 1024w, https:\/\/www.frauenhaus-steyr.at\/wordpress\/wp-content\/uploads\/2023\/11\/Garten_1-300x224.png 300w, https:\/\/www.frauenhaus-steyr.at\/wordpress\/wp-content\/uploads\/2023\/11\/Garten_1-768x574.png 768w, https:\/\/www.frauenhaus-steyr.at\/wordpress\/wp-content\/uploads\/2023\/11\/Garten_1.png 1312w\" sizes=\"auto, (max-width: 1024px) 100vw, 1024px\" \/><\/figure>\n\n\n\n<figure class=\"wp-block-image size-large\"><img loading=\"lazy\" decoding=\"async\" width=\"1024\" height=\"765\" data-id=\"1951\" src=\"https:\/\/www.frauenhaus-steyr.at\/wordpress\/wp-content\/uploads\/2023\/11\/Garten_2-1024x765.png\" alt=\"\" class=\"wp-image-1951\" srcset=\"https:\/\/www.frauenhaus-steyr.at\/wordpress\/wp-content\/uploads\/2023\/11\/Garten_2-1024x765.png 1024w, https:\/\/www.frauenhaus-steyr.at\/wordpress\/wp-content\/uploads\/2023\/11\/Garten_2-300x224.png 300w, https:\/\/www.frauenhaus-steyr.at\/wordpress\/wp-content\/uploads\/2023\/11\/Garten_2-768x574.png 768w, https:\/\/www.frauenhaus-steyr.at\/wordpress\/wp-content\/uploads\/2023\/11\/Garten_2.png 1316w\" sizes=\"auto, (max-width: 1024px) 100vw, 1024px\" \/><\/figure>\n\n\n\n<figure class=\"wp-block-image size-large\"><img loading=\"lazy\" decoding=\"async\" width=\"1024\" height=\"765\" data-id=\"1953\" src=\"https:\/\/www.frauenhaus-steyr.at\/wordpress\/wp-content\/uploads\/2023\/11\/Garten_3-1024x765.png\" alt=\"\" class=\"wp-image-1953\" srcset=\"https:\/\/www.frauenhaus-steyr.at\/wordpress\/wp-content\/uploads\/2023\/11\/Garten_3-1024x765.png 1024w, https:\/\/www.frauenhaus-steyr.at\/wordpress\/wp-content\/uploads\/2023\/11\/Garten_3-300x224.png 300w, https:\/\/www.frauenhaus-steyr.at\/wordpress\/wp-content\/uploads\/2023\/11\/Garten_3-768x574.png 768w, https:\/\/www.frauenhaus-steyr.at\/wordpress\/wp-content\/uploads\/2023\/11\/Garten_3.png 1319w\" sizes=\"auto, (max-width: 1024px) 100vw, 1024px\" \/><\/figure>\n\n\n\n<figure class=\"wp-block-image size-large\"><img loading=\"lazy\" decoding=\"async\" width=\"1024\" height=\"766\" data-id=\"1952\" src=\"https:\/\/www.frauenhaus-steyr.at\/wordpress\/wp-content\/uploads\/2023\/11\/Garten_4-1024x766.png\" alt=\"\" class=\"wp-image-1952\" srcset=\"https:\/\/www.frauenhaus-steyr.at\/wordpress\/wp-content\/uploads\/2023\/11\/Garten_4-1024x766.png 1024w, https:\/\/www.frauenhaus-steyr.at\/wordpress\/wp-content\/uploads\/2023\/11\/Garten_4-300x224.png 300w, https:\/\/www.frauenhaus-steyr.at\/wordpress\/wp-content\/uploads\/2023\/11\/Garten_4-768x575.png 768w, https:\/\/www.frauenhaus-steyr.at\/wordpress\/wp-content\/uploads\/2023\/11\/Garten_4.png 1319w\" sizes=\"auto, (max-width: 1024px) 100vw, 1024px\" \/><\/figure>\n\n\n\n<figure class=\"wp-block-image size-large\"><img loading=\"lazy\" decoding=\"async\" width=\"1024\" height=\"766\" data-id=\"1954\" src=\"https:\/\/www.frauenhaus-steyr.at\/wordpress\/wp-content\/uploads\/2023\/11\/Garten_5-1024x766.png\" alt=\"\" class=\"wp-image-1954\" srcset=\"https:\/\/www.frauenhaus-steyr.at\/wordpress\/wp-content\/uploads\/2023\/11\/Garten_5-1024x766.png 1024w, https:\/\/www.frauenhaus-steyr.at\/wordpress\/wp-content\/uploads\/2023\/11\/Garten_5-300x224.png 300w, https:\/\/www.frauenhaus-steyr.at\/wordpress\/wp-content\/uploads\/2023\/11\/Garten_5-768x575.png 768w, https:\/\/www.frauenhaus-steyr.at\/wordpress\/wp-content\/uploads\/2023\/11\/Garten_5.png 1314w\" sizes=\"auto, (max-width: 1024px) 100vw, 1024px\" \/><\/figure>\n\n\n\n<figure class=\"wp-block-image size-large\"><img loading=\"lazy\" decoding=\"async\" width=\"1024\" height=\"765\" data-id=\"1955\" src=\"https:\/\/www.frauenhaus-steyr.at\/wordpress\/wp-content\/uploads\/2023\/11\/Garten_6-1024x765.png\" alt=\"\" class=\"wp-image-1955\" srcset=\"https:\/\/www.frauenhaus-steyr.at\/wordpress\/wp-content\/uploads\/2023\/11\/Garten_6-1024x765.png 1024w, https:\/\/www.frauenhaus-steyr.at\/wordpress\/wp-content\/uploads\/2023\/11\/Garten_6-300x224.png 300w, https:\/\/www.frauenhaus-steyr.at\/wordpress\/wp-content\/uploads\/2023\/11\/Garten_6-768x574.png 768w, https:\/\/www.frauenhaus-steyr.at\/wordpress\/wp-content\/uploads\/2023\/11\/Garten_6.png 1317w\" sizes=\"auto, (max-width: 1024px) 100vw, 1024px\" \/><\/figure>\n\n\n\n<figure class=\"wp-block-image size-large\"><img loading=\"lazy\" decoding=\"async\" width=\"1024\" height=\"765\" data-id=\"1956\" src=\"https:\/\/www.frauenhaus-steyr.at\/wordpress\/wp-content\/uploads\/2023\/11\/Garten_7-1024x765.png\" alt=\"\" class=\"wp-image-1956\" srcset=\"https:\/\/www.frauenhaus-steyr.at\/wordpress\/wp-content\/uploads\/2023\/11\/Garten_7-1024x765.png 1024w, https:\/\/www.frauenhaus-steyr.at\/wordpress\/wp-content\/uploads\/2023\/11\/Garten_7-300x224.png 300w, https:\/\/www.frauenhaus-steyr.at\/wordpress\/wp-content\/uploads\/2023\/11\/Garten_7-768x574.png 768w, https:\/\/www.frauenhaus-steyr.at\/wordpress\/wp-content\/uploads\/2023\/11\/Garten_7.png 1316w\" sizes=\"auto, (max-width: 1024px) 100vw, 1024px\" \/><\/figure>\n\n\n\n<figure class=\"wp-block-image size-large\"><img loading=\"lazy\" decoding=\"async\" width=\"1024\" height=\"765\" data-id=\"1957\" src=\"https:\/\/www.frauenhaus-steyr.at\/wordpress\/wp-content\/uploads\/2023\/11\/Garten_8-1024x765.png\" alt=\"\" class=\"wp-image-1957\" srcset=\"https:\/\/www.frauenhaus-steyr.at\/wordpress\/wp-content\/uploads\/2023\/11\/Garten_8-1024x765.png 1024w, https:\/\/www.frauenhaus-steyr.at\/wordpress\/wp-content\/uploads\/2023\/11\/Garten_8-300x224.png 300w, https:\/\/www.frauenhaus-steyr.at\/wordpress\/wp-content\/uploads\/2023\/11\/Garten_8-768x574.png 768w, https:\/\/www.frauenhaus-steyr.at\/wordpress\/wp-content\/uploads\/2023\/11\/Garten_8.png 1315w\" sizes=\"auto, (max-width: 1024px) 100vw, 1024px\" \/><\/figure>\n\n\n\n<figure class=\"wp-block-image size-large\"><img loading=\"lazy\" decoding=\"async\" width=\"1024\" height=\"767\" data-id=\"1958\" src=\"https:\/\/www.frauenhaus-steyr.at\/wordpress\/wp-content\/uploads\/2023\/11\/Garten_9-1024x767.png\" alt=\"\" class=\"wp-image-1958\" srcset=\"https:\/\/www.frauenhaus-steyr.at\/wordpress\/wp-content\/uploads\/2023\/11\/Garten_9-1024x767.png 1024w, https:\/\/www.frauenhaus-steyr.at\/wordpress\/wp-content\/uploads\/2023\/11\/Garten_9-300x225.png 300w, https:\/\/www.frauenhaus-steyr.at\/wordpress\/wp-content\/uploads\/2023\/11\/Garten_9-768x575.png 768w, https:\/\/www.frauenhaus-steyr.at\/wordpress\/wp-content\/uploads\/2023\/11\/Garten_9.png 1316w\" sizes=\"auto, (max-width: 1024px) 100vw, 1024px\" \/><\/figure>\n<\/figure>\n\n\n\n<p>Fotos Quelle: Frauenhaus<\/p>\n\n\n\n<p>Es ist nicht notwendig Hausratsgegenst\u00e4nde, wie Handt\u00fccher, Bettw\u00e4sche oder Geschirr mitzubringen. Alle Zimmer und K\u00fcchen sind vollst\u00e4ndig ausgestattet.<\/p>\n","protected":false},"excerpt":{"rendered":"<p>Im Frauenhaus Steyr haben 6 Frauen mit ihren Kindern Platz. Jede Frau bewohnt alleine bzw. mit ihren Kindern ein Zimmer. Das Wohn- und Spielzimmer und die K\u00fcchen werden gemeinsam ben\u00fctzt. Ein gro\u00dfer Garten steht f\u00fcr alle zur Verf\u00fcgung. Fotos Quelle: Frauenhaus Es ist nicht notwendig Hausratsgegenst\u00e4nde, wie Handt\u00fccher, Bettw\u00e4sche oder Geschirr mitzubringen. Alle Zimmer und &hellip;<\/p>\n<p class=\"read-more\"> <a class=\"\" href=\"https:\/\/www.frauenhaus-steyr.at\/wordpress\/wohnen-2\/\"> <span class=\"screen-reader-text\">Wohnen<\/span> Weiterlesen &raquo;<\/a><\/p>\n","protected":false},"author":3,"featured_media":0,"parent":0,"menu_order":0,"comment_status":"closed","ping_status":"closed","template":"","meta":{"advgb_blocks_editor_width":"","advgb_blocks_columns_visual_guide":"","_coblocks_attr":"","_coblocks_dimensions":"","_coblocks_responsive_height":"","_coblocks_accordion_ie_support":"","site-sidebar-layout":"default","site-content-layout":"default","ast-global-header-display":"","ast-main-header-display":"","ast-hfb-above-header-display":"","ast-hfb-below-header-display":"","ast-hfb-mobile-header-display":"","site-post-title":"","ast-breadcrumbs-content":"","ast-featured-img":"","footer-sml-layout":"","theme-transparent-header-meta":"","adv-header-id-meta":"","stick-header-meta":"","header-above-stick-meta":"","header-main-stick-meta":"","header-below-stick-meta":"","footnotes":""},"class_list":["post-1424","page","type-page","status-publish","hentry"],"coauthors":[],"author_meta":{"author_link":"https:\/\/www.frauenhaus-steyr.at\/wordpress\/author\/frauenhaus\/","display_name":"Frauenhaus"},"relative_dates":{"created":"Posted 3\u00a0Jahren ago","modified":"Updated 2\u00a0Jahren ago"},"absolute_dates":{"created":"Posted on April 24, 2023","modified":"Updated on November 27, 2023"},"absolute_dates_time":{"created":"Posted on April 24, 2023 8:24 p.m.","modified":"Updated on November 27, 2023 9:26 a.m."},"featured_img_caption":"","featured_img":false,"series_order":"","_links":{"self":[{"href":"https:\/\/www.frauenhaus-steyr.at\/wordpress\/wp-json\/wp\/v2\/pages\/1424","targetHints":{"allow":["GET"]}}],"collection":[{"href":"https:\/\/www.frauenhaus-steyr.at\/wordpress\/wp-json\/wp\/v2\/pages"}],"about":[{"href":"https:\/\/www.frauenhaus-steyr.at\/wordpress\/wp-json\/wp\/v2\/types\/page"}],"author":[{"embeddable":true,"href":"https:\/\/www.frauenhaus-steyr.at\/wordpress\/wp-json\/wp\/v2\/users\/3"}],"replies":[{"embeddable":true,"href":"https:\/\/www.frauenhaus-steyr.at\/wordpress\/wp-json\/wp\/v2\/comments?post=1424"}],"version-history":[{"count":4,"href":"https:\/\/www.frauenhaus-steyr.at\/wordpress\/wp-json\/wp\/v2\/pages\/1424\/revisions"}],"predecessor-version":[{"id":1959,"href":"https:\/\/www.frauenhaus-steyr.at\/wordpress\/wp-json\/wp\/v2\/pages\/1424\/revisions\/1959"}],"wp:attachment":[{"href":"https:\/\/www.frauenhaus-steyr.at\/wordpress\/wp-json\/wp\/v2\/media?parent=1424"}],"curies":[{"name":"wp","href":"https:\/\/api.w.org\/{rel}","templated":true}]}}

<p>Im Frauenhaus Steyr haben 6 Frauen mit ihren Kindern Platz. Jede Frau bewohnt alleine bzw. mit ihren Kindern ein Zimmer.</p>



<p>Das Wohn- und Spielzimmer und die Küchen werden gemeinsam benützt. Ein großer Garten steht für alle zur Verfügung.</p>



<figure class="wp-block-gallery has-nested-images columns-default is-cropped wp-block-gallery-1 is-layout-flex wp-block-gallery-is-layout-flex">
<figure class="wp-block-image size-large"><img loading="lazy" decoding="async" width="1024" height="765" data-id="1950" src="https://www.frauenhaus-steyr.at/wordpress/wp-content/uploads/2023/11/Garten_1-1024x765.png" alt="" class="wp-image-1950" srcset="https://www.frauenhaus-steyr.at/wordpress/wp-content/uploads/2023/11/Garten_1-1024x765.png 1024w, https://www.frauenhaus-steyr.at/wordpress/wp-content/uploads/2023/11/Garten_1-300x224.png 300w, https://www.frauenhaus-steyr.at/wordpress/wp-content/uploads/2023/11/Garten_1-768x574.png 768w, https://www.frauenhaus-steyr.at/wordpress/wp-content/uploads/2023/11/Garten_1.png 1312w" sizes="auto, (max-width: 1024px) 100vw, 1024px" /></figure>



<figure class="wp-block-image size-large"><img loading="lazy" decoding="async" width="1024" height="765" data-id="1951" src="https://www.frauenhaus-steyr.at/wordpress/wp-content/uploads/2023/11/Garten_2-1024x765.png" alt="" class="wp-image-1951" srcset="https://www.frauenhaus-steyr.at/wordpress/wp-content/uploads/2023/11/Garten_2-1024x765.png 1024w, https://www.frauenhaus-steyr.at/wordpress/wp-content/uploads/2023/11/Garten_2-300x224.png 300w, https://www.frauenhaus-steyr.at/wordpress/wp-content/uploads/2023/11/Garten_2-768x574.png 768w, https://www.frauenhaus-steyr.at/wordpress/wp-content/uploads/2023/11/Garten_2.png 1316w" sizes="auto, (max-width: 1024px) 100vw, 1024px" /></figure>



<figure class="wp-block-image size-large"><img loading="lazy" decoding="async" width="1024" height="765" data-id="1953" src="https://www.frauenhaus-steyr.at/wordpress/wp-content/uploads/2023/11/Garten_3-1024x765.png" alt="" class="wp-image-1953" srcset="https://www.frauenhaus-steyr.at/wordpress/wp-content/uploads/2023/11/Garten_3-1024x765.png 1024w, https://www.frauenhaus-steyr.at/wordpress/wp-content/uploads/2023/11/Garten_3-300x224.png 300w, https://www.frauenhaus-steyr.at/wordpress/wp-content/uploads/2023/11/Garten_3-768x574.png 768w, https://www.frauenhaus-steyr.at/wordpress/wp-content/uploads/2023/11/Garten_3.png 1319w" sizes="auto, (max-width: 1024px) 100vw, 1024px" /></figure>



<figure class="wp-block-image size-large"><img loading="lazy" decoding="async" width="1024" height="766" data-id="1952" src="https://www.frauenhaus-steyr.at/wordpress/wp-content/uploads/2023/11/Garten_4-1024x766.png" alt="" class="wp-image-1952" srcset="https://www.frauenhaus-steyr.at/wordpress/wp-content/uploads/2023/11/Garten_4-1024x766.png 1024w, https://www.frauenhaus-steyr.at/wordpress/wp-content/uploads/2023/11/Garten_4-300x224.png 300w, https://www.frauenhaus-steyr.at/wordpress/wp-content/uploads/2023/11/Garten_4-768x575.png 768w, https://www.frauenhaus-steyr.at/wordpress/wp-content/uploads/2023/11/Garten_4.png 1319w" sizes="auto, (max-width: 1024px) 100vw, 1024px" /></figure>



<figure class="wp-block-image size-large"><img loading="lazy" decoding="async" width="1024" height="766" data-id="1954" src="https://www.frauenhaus-steyr.at/wordpress/wp-content/uploads/2023/11/Garten_5-1024x766.png" alt="" class="wp-image-1954" srcset="https://www.frauenhaus-steyr.at/wordpress/wp-content/uploads/2023/11/Garten_5-1024x766.png 1024w, https://www.frauenhaus-steyr.at/wordpress/wp-content/uploads/2023/11/Garten_5-300x224.png 300w, https://www.frauenhaus-steyr.at/wordpress/wp-content/uploads/2023/11/Garten_5-768x575.png 768w, https://www.frauenhaus-steyr.at/wordpress/wp-content/uploads/2023/11/Garten_5.png 1314w" sizes="auto, (max-width: 1024px) 100vw, 1024px" /></figure>



<figure class="wp-block-image size-large"><img loading="lazy" decoding="async" width="1024" height="765" data-id="1955" src="https://www.frauenhaus-steyr.at/wordpress/wp-content/uploads/2023/11/Garten_6-1024x765.png" alt="" class="wp-image-1955" srcset="https://www.frauenhaus-steyr.at/wordpress/wp-content/uploads/2023/11/Garten_6-1024x765.png 1024w, https://www.frauenhaus-steyr.at/wordpress/wp-content/uploads/2023/11/Garten_6-300x224.png 300w, https://www.frauenhaus-steyr.at/wordpress/wp-content/uploads/2023/11/Garten_6-768x574.png 768w, https://www.frauenhaus-steyr.at/wordpress/wp-content/uploads/2023/11/Garten_6.png 1317w" sizes="auto, (max-width: 1024px) 100vw, 1024px" /></figure>



<figure class="wp-block-image size-large"><img loading="lazy" decoding="async" width="1024" height="765" data-id="1956" src="https://www.frauenhaus-steyr.at/wordpress/wp-content/uploads/2023/11/Garten_7-1024x765.png" alt="" class="wp-image-1956" srcset="https://www.frauenhaus-steyr.at/wordpress/wp-content/uploads/2023/11/Garten_7-1024x765.png 1024w, https://www.frauenhaus-steyr.at/wordpress/wp-content/uploads/2023/11/Garten_7-300x224.png 300w, https://www.frauenhaus-steyr.at/wordpress/wp-content/uploads/2023/11/Garten_7-768x574.png 768w, https://www.frauenhaus-steyr.at/wordpress/wp-content/uploads/2023/11/Garten_7.png 1316w" sizes="auto, (max-width: 1024px) 100vw, 1024px" /></figure>



<figure class="wp-block-image size-large"><img loading="lazy" decoding="async" width="1024" height="765" data-id="1957" src="https://www.frauenhaus-steyr.at/wordpress/wp-content/uploads/2023/11/Garten_8-1024x765.png" alt="" class="wp-image-1957" srcset="https://www.frauenhaus-steyr.at/wordpress/wp-content/uploads/2023/11/Garten_8-1024x765.png 1024w, https://www.frauenhaus-steyr.at/wordpress/wp-content/uploads/2023/11/Garten_8-300x224.png 300w, https://www.frauenhaus-steyr.at/wordpress/wp-content/uploads/2023/11/Garten_8-768x574.png 768w, https://www.frauenhaus-steyr.at/wordpress/wp-content/uploads/2023/11/Garten_8.png 1315w" sizes="auto, (max-width: 1024px) 100vw, 1024px" /></figure>



<figure class="wp-block-image size-large"><img loading="lazy" decoding="async" width="1024" height="767" data-id="1958" src="https://www.frauenhaus-steyr.at/wordpress/wp-content/uploads/2023/11/Garten_9-1024x767.png" alt="" class="wp-image-1958" srcset="https://www.frauenhaus-steyr.at/wordpress/wp-content/uploads/2023/11/Garten_9-1024x767.png 1024w, https://www.frauenhaus-steyr.at/wordpress/wp-content/uploads/2023/11/Garten_9-300x225.png 300w, https://www.frauenhaus-steyr.at/wordpress/wp-content/uploads/2023/11/Garten_9-768x575.png 768w, https://www.frauenhaus-steyr.at/wordpress/wp-content/uploads/2023/11/Garten_9.png 1316w" sizes="auto, (max-width: 1024px) 100vw, 1024px" /></figure>
</figure>



<p>Fotos Quelle: Frauenhaus</p>



<p>Es ist nicht notwendig Hausratsgegenstände, wie Handtücher, Bettwäsche oder Geschirr mitzubringen. Alle Zimmer und Küchen sind vollständig ausgestattet.</p>

<p>Im Frauenhaus Steyr haben 6 Frauen mit ihren Kindern Platz. Jede Frau bewohnt alleine bzw. mit ihren Kindern ein Zimmer. Das Wohn- und Spielzimmer und die Küchen werden gemeinsam benützt. Ein großer Garten steht für alle zur Verfügung. Fotos Quelle: Frauenhaus Es ist nicht notwendig Hausratsgegenstände, wie Handtücher, Bettwäsche oder Geschirr mitzubringen. Alle Zimmer und &hellip;</p>
<p class="read-more"> <a class="" href="https://www.frauenhaus-steyr.at/wordpress/wohnen-2/"> <span class="screen-reader-text">Wohnen</span> Weiterlesen &raquo;</a></p>
