{"id":1349,"date":"2023-04-20T17:09:17","date_gmt":"2023-04-20T17:09:17","guid":{"rendered":"https:\/\/www.frauenhaus-steyr.at\/wordpress\/?page_id=1349"},"modified":"2024-03-11T07:48:07","modified_gmt":"2024-03-11T07:48:07","slug":"links","status":"publish","type":"page","link":"https:\/\/www.frauenhaus-steyr.at\/wordpress\/links\/","title":{"rendered":"Links"},"content":{"rendered":"\n<p>ARGE- Arbeitsgemeinschaft ober\u00f6sterreichischer Frauenh\u00e4user<br><a rel=\"noreferrer noopener\" href=\"http:\/\/www.frauenhaus.at\/\" target=\"_blank\">www.frauenhaus.at<\/a><\/p>\n\n\n\n<p>A\u00d6F- Verein autonome \u00f6sterreichische Frauenh\u00e4user<br><a href=\"http:\/\/www.a\u00f6f.at\">www.a\u00f6f.a<\/a><strong><a href=\"http:\/\/www.a\u00f6f.at\">t<\/a><\/strong>, 01 \/ 544 08 20<\/p>\n\n\n\n<p>Frauenhelpline<br><a rel=\"noreferrer noopener\" href=\"http:\/\/www.frauenhelpline.at\" target=\"_blank\">www.frauenhelpline.at<\/a>, 0800 \/ 22 25 55<\/p>\n\n\n\n<p>Gewaltinfo<br><a rel=\"noreferrer noopener\" href=\"http:\/\/www.gewaltinfo.at\" target=\"_blank\">www.gewaltinfo.at<\/a><strong>,<\/strong> 01 \/ 711 00 33 62<\/p>\n\n\n\n<p>Gewaltschutzzentrum Ober\u00f6sterreich<br><a rel=\"noreferrer noopener\" href=\"http:\/\/www.gewaltschutzzentrum.at\/ooe\/\" target=\"_blank\">www.gewaltschutzzentrum.at\/ooe\/<\/a>, 0732 \/ 60 77 60<\/p>\n\n\n\n<p>Halt der Gewalt<br><a rel=\"noreferrer noopener\" href=\"http:\/\/www.haltdergewalt.at\" target=\"_blank\">www.haltdergewalt.at<\/a><\/p>\n\n\n\n<p>Help.gv<br><a rel=\"noreferrer noopener\" href=\"http:\/\/www.help.gv.at\" target=\"_blank\">www.help.gv.at<\/a><\/p>\n\n\n\n<p>Helping Hands<br><a rel=\"noreferrer noopener\" href=\"http:\/\/www.helpinghands.at\/\" target=\"_blank\">www.helpinghands.at\/<\/a>, 011310 \/ 88 80 10<\/p>\n\n\n\n<p>Gewaltschutzzentrum Wien<br><a href=\"http:\/\/www.interventionsstelle-wien.at\/start.asp?ID=487&amp;b=45\" target=\"_blank\" rel=\"noreferrer noopener\">www.interventionsstelle-wien.at<\/a>, 01 \/ 585 32 88<\/p>\n\n\n\n<p>Jugendamt, Magistrat Steyr Stadt<br><a href=\"https:\/\/www.steyr.at\/system\/web\/zustaendigkeit.aspx?menuonr=218377977&amp;detailonr=222745674\" target=\"_blank\" rel=\"noreferrer noopener\">https:\/\/www.steyr.at\/system\/web\/zustaendigkeit.aspx?menuonr=218377977&amp;detailonr=222745674<\/a>, 07252 \/ 575<\/p>\n\n\n\n<p>Jugendamt, Bezirkshauptmannschaft Steyr Land<br><a rel=\"noreferrer noopener\" href=\"http:\/\/www.land-oberoesterreich.gv.at\/cps\/rde\/xchg\/ooe\/hs.xsl\/bh_steyr_land_DEU_HTML.htm\" target=\"_blank\">http:\/\/www.land-oberoesterreich.gv.at\/cps\/rde\/xchg\/ooe\/hs.xsl\/bh_steyr_land_DEU_HTML.htm<\/a>, 07252 \/ 52 36 10<\/p>\n\n\n\n<p>Wigwam Steyr &#8211; Kinderschutzzentrum<br><a rel=\"noreferrer noopener\" href=\"http:\/\/www.wigwam.at\" target=\"_blank\">www.wigwam.at<\/a>, 07252 \/ 41 91 90<\/p>\n\n\n\n<p>Migrare &#8211; Zentrum f\u00fcr MigrantInnen Ober\u00f6sterreich<br><a rel=\"noreferrer noopener\" href=\"http:\/\/www.migrare.at\" target=\"_blank\">www.migrare.at<\/a>, 0732 \/ 66 73 63<\/p>\n\n\n\n<p>Opfer-Notruf f\u00fcr alle Menschen, die Opfer einer Straftat geworden sind<br><a rel=\"noreferrer noopener\" href=\"http:\/\/www.opfer-notruf.at\" target=\"_blank\">www.opfer-notruf.at<\/a>, 0800 \/ 11 21 12<\/p>\n\n\n\n<p>Opfer-Notruf wei\u00dfer Ring &#8211; Verbrechensopferhilfe<br><a href=\"http:\/\/www.weisser-ring.at\" data-type=\"URL\" data-id=\"www.weisser-ring.at\" target=\"_blank\" rel=\"noreferrer noopener\">www.weisser-ring.at<\/a>, 0800 \/ 112 112<\/p>\n\n\n\n<p>Parapl\u00fc &#8211; Caritasintegrationszentrum mit und ohne Migrationshintergrund<br><a rel=\"noreferrer noopener\" href=\"http:\/\/www.paraplue-steyr.at\/\" target=\"_blank\">www.paraplue-steyr.at<\/a>, 07252 \/ 417 02<\/p>\n","protected":false},"excerpt":{"rendered":"<p>ARGE- Arbeitsgemeinschaft ober\u00f6sterreichischer Frauenh\u00e4userwww.frauenhaus.at A\u00d6F- Verein autonome \u00f6sterreichische Frauenh\u00e4userwww.a\u00f6f.at, 01 \/ 544 08 20 Frauenhelplinewww.frauenhelpline.at, 0800 \/ 22 25 55 Gewaltinfowww.gewaltinfo.at, 01 \/ 711 00 33 62 Gewaltschutzzentrum Ober\u00f6sterreichwww.gewaltschutzzentrum.at\/ooe\/, 0732 \/ 60 77 60 Halt der Gewaltwww.haltdergewalt.at Help.gvwww.help.gv.at Helping Handswww.helpinghands.at\/, 011310 \/ 88 80 10 Gewaltschutzzentrum Wienwww.interventionsstelle-wien.at, 01 \/ 585 32 88 Jugendamt, Magistrat Steyr &hellip;<\/p>\n<p class=\"read-more\"> <a class=\"\" href=\"https:\/\/www.frauenhaus-steyr.at\/wordpress\/links\/\"> <span class=\"screen-reader-text\">Links<\/span> Weiterlesen &raquo;<\/a><\/p>\n","protected":false},"author":3,"featured_media":0,"parent":0,"menu_order":0,"comment_status":"closed","ping_status":"closed","template":"","meta":{"advgb_blocks_editor_width":"","advgb_blocks_columns_visual_guide":"","_coblocks_attr":"","_coblocks_dimensions":"","_coblocks_responsive_height":"","_coblocks_accordion_ie_support":"","site-sidebar-layout":"default","site-content-layout":"default","ast-global-header-display":"","ast-main-header-display":"","ast-hfb-above-header-display":"","ast-hfb-below-header-display":"","ast-hfb-mobile-header-display":"","site-post-title":"","ast-breadcrumbs-content":"","ast-featured-img":"","footer-sml-layout":"","theme-transparent-header-meta":"","adv-header-id-meta":"","stick-header-meta":"","header-above-stick-meta":"","header-main-stick-meta":"","header-below-stick-meta":"","footnotes":""},"class_list":["post-1349","page","type-page","status-publish","hentry"],"coauthors":[],"author_meta":{"author_link":"https:\/\/www.frauenhaus-steyr.at\/wordpress\/author\/frauenhaus\/","display_name":"Frauenhaus"},"relative_dates":{"created":"Posted 3\u00a0Jahren ago","modified":"Updated 2\u00a0Jahren ago"},"absolute_dates":{"created":"Posted on April 20, 2023","modified":"Updated on M\u00e4rz 11, 2024"},"absolute_dates_time":{"created":"Posted on April 20, 2023 5:09 p.m.","modified":"Updated on M\u00e4rz 11, 2024 7:48 a.m."},"featured_img_caption":"","featured_img":false,"series_order":"","_links":{"self":[{"href":"https:\/\/www.frauenhaus-steyr.at\/wordpress\/wp-json\/wp\/v2\/pages\/1349","targetHints":{"allow":["GET"]}}],"collection":[{"href":"https:\/\/www.frauenhaus-steyr.at\/wordpress\/wp-json\/wp\/v2\/pages"}],"about":[{"href":"https:\/\/www.frauenhaus-steyr.at\/wordpress\/wp-json\/wp\/v2\/types\/page"}],"author":[{"embeddable":true,"href":"https:\/\/www.frauenhaus-steyr.at\/wordpress\/wp-json\/wp\/v2\/users\/3"}],"replies":[{"embeddable":true,"href":"https:\/\/www.frauenhaus-steyr.at\/wordpress\/wp-json\/wp\/v2\/comments?post=1349"}],"version-history":[{"count":7,"href":"https:\/\/www.frauenhaus-steyr.at\/wordpress\/wp-json\/wp\/v2\/pages\/1349\/revisions"}],"predecessor-version":[{"id":2017,"href":"https:\/\/www.frauenhaus-steyr.at\/wordpress\/wp-json\/wp\/v2\/pages\/1349\/revisions\/2017"}],"wp:attachment":[{"href":"https:\/\/www.frauenhaus-steyr.at\/wordpress\/wp-json\/wp\/v2\/media?parent=1349"}],"curies":[{"name":"wp","href":"https:\/\/api.w.org\/{rel}","templated":true}]}}

<p>ARGE- Arbeitsgemeinschaft oberösterreichischer Frauenhäuser<br><a rel="noreferrer noopener" href="http://www.frauenhaus.at/" target="_blank">www.frauenhaus.at</a></p>



<p>AÖF- Verein autonome österreichische Frauenhäuser<br><a href="http://www.aöf.at">www.aöf.a</a><strong><a href="http://www.aöf.at">t</a></strong>, 01 / 544 08 20</p>



<p>Frauenhelpline<br><a rel="noreferrer noopener" href="http://www.frauenhelpline.at" target="_blank">www.frauenhelpline.at</a>, 0800 / 22 25 55</p>



<p>Gewaltinfo<br><a rel="noreferrer noopener" href="http://www.gewaltinfo.at" target="_blank">www.gewaltinfo.at</a><strong>,</strong> 01 / 711 00 33 62</p>



<p>Gewaltschutzzentrum Oberösterreich<br><a rel="noreferrer noopener" href="http://www.gewaltschutzzentrum.at/ooe/" target="_blank">www.gewaltschutzzentrum.at/ooe/</a>, 0732 / 60 77 60</p>



<p>Halt der Gewalt<br><a rel="noreferrer noopener" href="http://www.haltdergewalt.at" target="_blank">www.haltdergewalt.at</a></p>



<p>Help.gv<br><a rel="noreferrer noopener" href="http://www.help.gv.at" target="_blank">www.help.gv.at</a></p>



<p>Helping Hands<br><a rel="noreferrer noopener" href="http://www.helpinghands.at/" target="_blank">www.helpinghands.at/</a>, 011310 / 88 80 10</p>



<p>Gewaltschutzzentrum Wien<br><a href="http://www.interventionsstelle-wien.at/start.asp?ID=487&amp;b=45" target="_blank" rel="noreferrer noopener">www.interventionsstelle-wien.at</a>, 01 / 585 32 88</p>



<p>Jugendamt, Magistrat Steyr Stadt<br><a href="https://www.steyr.at/system/web/zustaendigkeit.aspx?menuonr=218377977&amp;detailonr=222745674" target="_blank" rel="noreferrer noopener">https://www.steyr.at/system/web/zustaendigkeit.aspx?menuonr=218377977&amp;detailonr=222745674</a>, 07252 / 575</p>



<p>Jugendamt, Bezirkshauptmannschaft Steyr Land<br><a rel="noreferrer noopener" href="http://www.land-oberoesterreich.gv.at/cps/rde/xchg/ooe/hs.xsl/bh_steyr_land_DEU_HTML.htm" target="_blank">http://www.land-oberoesterreich.gv.at/cps/rde/xchg/ooe/hs.xsl/bh_steyr_land_DEU_HTML.htm</a>, 07252 / 52 36 10</p>



<p>Wigwam Steyr &#8211; Kinderschutzzentrum<br><a rel="noreferrer noopener" href="http://www.wigwam.at" target="_blank">www.wigwam.at</a>, 07252 / 41 91 90</p>



<p>Migrare &#8211; Zentrum für MigrantInnen Oberösterreich<br><a rel="noreferrer noopener" href="http://www.migrare.at" target="_blank">www.migrare.at</a>, 0732 / 66 73 63</p>



<p>Opfer-Notruf für alle Menschen, die Opfer einer Straftat geworden sind<br><a rel="noreferrer noopener" href="http://www.opfer-notruf.at" target="_blank">www.opfer-notruf.at</a>, 0800 / 11 21 12</p>



<p>Opfer-Notruf weißer Ring &#8211; Verbrechensopferhilfe<br><a href="http://www.weisser-ring.at" data-type="URL" data-id="www.weisser-ring.at" target="_blank" rel="noreferrer noopener">www.weisser-ring.at</a>, 0800 / 112 112</p>



<p>Paraplü &#8211; Caritasintegrationszentrum mit und ohne Migrationshintergrund<br><a rel="noreferrer noopener" href="http://www.paraplue-steyr.at/" target="_blank">www.paraplue-steyr.at</a>, 07252 / 417 02</p>

<p>ARGE- Arbeitsgemeinschaft oberösterreichischer Frauenhäuserwww.frauenhaus.at AÖF- Verein autonome österreichische Frauenhäuserwww.aöf.at, 01 / 544 08 20 Frauenhelplinewww.frauenhelpline.at, 0800 / 22 25 55 Gewaltinfowww.gewaltinfo.at, 01 / 711 00 33 62 Gewaltschutzzentrum Oberösterreichwww.gewaltschutzzentrum.at/ooe/, 0732 / 60 77 60 Halt der Gewaltwww.haltdergewalt.at Help.gvwww.help.gv.at Helping Handswww.helpinghands.at/, 011310 / 88 80 10 Gewaltschutzzentrum Wienwww.interventionsstelle-wien.at, 01 / 585 32 88 Jugendamt, Magistrat Steyr &hellip;</p>
<p class="read-more"> <a class="" href="https://www.frauenhaus-steyr.at/wordpress/links/"> <span class="screen-reader-text">Links</span> Weiterlesen &raquo;</a></p>

Updated on März 11, 2024

Updated on März 11, 2024 7:48 a.m.
